{"id":53,"date":"2024-08-29T13:25:36","date_gmt":"2024-08-29T11:25:36","guid":{"rendered":"https:\/\/speditiongersch.wordpress.com\/?page_id=53"},"modified":"2025-01-14T14:14:49","modified_gmt":"2025-01-14T14:14:49","slug":"fuhrpark","status":"publish","type":"page","link":"https:\/\/spedition-gersch.de\/?page_id=53","title":{"rendered":"Fuhrpark"},"content":{"rendered":"\n<div style=\"height:85px\" aria-hidden=\"true\" class=\"wp-block-spacer\"><\/div>\n\n\n\n<p class=\"has-medium-font-size\">Wir verf\u00fcgen \u00fcber einen modernen, dank eigener Werkstatt immer gut gewarteten, GPS \u00fcberwachten Fuhrpark.<\/p>\n\n\n\n<p class=\"has-medium-font-size\">Zu unseren Fahrzeugen geh\u00f6ren:<\/p>\n\n\n\n<div style=\"height:20px\" aria-hidden=\"true\" class=\"wp-block-spacer\"><\/div>\n\n\n\n<h2 class=\"wp-block-heading has-large-font-size\">Sch\u00fcttguttransport<\/h2>\n\n\n\n<ul class=\"wp-block-list\">\n<li class=\"has-medium-font-size\">Sattelzumaschinen mit Aluminium Hinterkippmulden (GMP+B4)<\/li>\n\n\n\n<li class=\"has-medium-font-size\">Sattelzugmachinen mit Aluminium Hinterkippmulden und Zellenradschleuse (GMP+B4)<\/li>\n\n\n\n<li class=\"has-medium-font-size\">Sattelzugmaschinen mit Bandwagen (GMP+B4)<\/li>\n\n\n\n<li class=\"has-medium-font-size\">Sattelzugmachinen mit Schubboden (Walkingfloor, GMP+B4)<\/li>\n\n\n\n<li class=\"has-medium-font-size\">H\u00e4ngerz\u00fcge mit zwei Hinterkippmulden (Zweiseitenkipper, GMP+B4)<\/li>\n<\/ul>\n\n\n\n<div style=\"height:29px\" aria-hidden=\"true\" class=\"wp-block-spacer\"><\/div>\n\n\n\n<h2 class=\"wp-block-heading has-large-font-size\">Holztransport<\/h2>\n\n\n\n<ul class=\"wp-block-list\">\n<li class=\"has-medium-font-size\">H\u00e4ngerz\u00fcge mit zwei angetreiben Achsen (Hydrodrive) und Kranaufbau zum selbstst\u00e4ndigen Be- und Entladen<\/li>\n\n\n\n<li class=\"has-medium-font-size\">Sattelzugmaschinen mit zwei angetrieben&nbsp;Achsen (Hydrodrive) und Rungenauflieger<\/li>\n<\/ul>\n\n\n\n<div style=\"height:47px\" aria-hidden=\"true\" class=\"wp-block-spacer\"><\/div>\n\n\n\n<h2 class=\"wp-block-heading has-large-font-size\">Absetzcontainer<\/h2>\n\n\n\n<ul class=\"wp-block-list\">\n<li class=\"has-medium-font-size\">5 m\u00b3 Absetzcontainer<\/li>\n\n\n\n<li class=\"has-medium-font-size\">5 m\u00b3 Absetzcontainer mit Deckel<\/li>\n\n\n\n<li class=\"has-medium-font-size\">7m\u00b3 Absetzcontainer<\/li>\n\n\n\n<li class=\"has-medium-font-size\">7m\u00b3 Absetzcontainer mit Klappe ( zum einfacheren Bef\u00fcllen)<\/li>\n\n\n\n<li class=\"has-medium-font-size\">10m\u00b3 Absetzcontainer offen (nicht f\u00fcr Bausschutt geeignet)<\/li>\n<\/ul>\n\n\n\n<div style=\"height:139px\" aria-hidden=\"true\" class=\"wp-block-spacer\"><\/div>\n\n\n\n<p><\/p>\n\n\n\n<div class=\"wp-block-group is-nowrap is-layout-flex wp-container-core-group-is-layout-6c531013 wp-block-group-is-layout-flex\">\n<p><\/p>\n<\/div>\n\n\n\n<p><\/p>\n","protected":false},"excerpt":{"rendered":"<p>Wir verf\u00fcgen \u00fcber einen modernen, dank eigener Werkstatt immer gut gewarteten, GPS \u00fcberwachten Fuhrpark. Zu unseren Fahrzeugen geh\u00f6ren: Sch\u00fcttguttransport Holztransport Absetzcontainer<\/p>\n","protected":false},"author":2,"featured_media":0,"parent":0,"menu_order":0,"comment_status":"closed","ping_status":"closed","template":"indi","meta":{"ngg_post_thumbnail":0,"footnotes":""},"class_list":["post-53","page","type-page","status-publish","hentry"],"_links":{"self":[{"href":"https:\/\/spedition-gersch.de\/index.php?rest_route=\/wp\/v2\/pages\/53","targetHints":{"allow":["GET"]}}],"collection":[{"href":"https:\/\/spedition-gersch.de\/index.php?rest_route=\/wp\/v2\/pages"}],"about":[{"href":"https:\/\/spedition-gersch.de\/index.php?rest_route=\/wp\/v2\/types\/page"}],"author":[{"embeddable":true,"href":"https:\/\/spedition-gersch.de\/index.php?rest_route=\/wp\/v2\/users\/2"}],"replies":[{"embeddable":true,"href":"https:\/\/spedition-gersch.de\/index.php?rest_route=%2Fwp%2Fv2%2Fcomments&post=53"}],"version-history":[{"count":2,"href":"https:\/\/spedition-gersch.de\/index.php?rest_route=\/wp\/v2\/pages\/53\/revisions"}],"predecessor-version":[{"id":439,"href":"https:\/\/spedition-gersch.de\/index.php?rest_route=\/wp\/v2\/pages\/53\/revisions\/439"}],"wp:attachment":[{"href":"https:\/\/spedition-gersch.de\/index.php?rest_route=%2Fwp%2Fv2%2Fmedia&parent=53"}],"curies":[{"name":"wp","href":"https:\/\/api.w.org\/{rel}","templated":true}]}}